 -1)?
4
-1 - (-5 + (-1 - -10) + 0)
-5
What is -2 + -1 + (4 - 3 - 2)?
-4
Evaluate -5 - 1 - (-9 - (10 + -17)).
-4
Evaluate 0 - ((-4 - 1) + (-5 - -14)).
-4
What is the value of (3 - 3) + -4 - (0 + -2)?
-2
Evaluate (-1 - (3 + -8 + 3)) + 2.
3
Evaluate -3 - 1 - (-8 + 3).
1
What is the value of -9 + 11 - 10 - -9?
1
What is -13 - ((4 - 12) + -15)?
10
Calculate -2 + 2 + 1 + (-9 - -6).
-2
Calculate -5 + 2 + 2 + -4.
-5
Calculate -2 + -10 - (-6 + 0).
-6
-15 + 5 + 5 + -3
-8
What is -6 + (3 - 1) + -1 + 14?
9
Evaluate -4 + 5 + 0 + -1.
0
Calculate -3 + -1 - (21 - 6 - 13).
-6
What is 16 - ((-9 - -9) + (4 - -3))?
9
What is the value of -6 + 10 + 7 + -6?
5
2 + (4 + 0 - (13 - 5))
-2
What is the value of -5 + 0 + (0 - (-13 - -12))?
-4
What is 14 - 7 - (3 - 0)?
4
Evaluate -4 - (2 + 3 - 10).
1
What is the value of -2 - -11 - (1 + 5)?
3
Calculate 3 - (-2 + (-5 - -6)).
4
What is the value of (-4 - -1) + 1 + 3 + -5?
-4
What is (-1 - 5) + -8 + 3?
-11
What is -22 + 29 + (-5 - 1)?
1
-4 + 2 + (29 - 8 - 15)
4
Evaluate 0 + -10 + 7 - (0 - -6).
-9
Evaluate -6 - (-25 - -8) - 2.
9
Evaluate (3 - -3) + -6 - (-9 + 5).
4
Evaluate 5 + (-46 + 48 - (-1 - -5)).
3
-2 - (4 - 2) - -5
1
What is the value of 1 + 3 + -4 + (2 - 4)?
-2
What is (4 - -4) + 0 + -1 + -2?
5
Evaluate (4 + 1 - 0) + (0 - 0).
5
Calculate -1 + (1 - (-2 + 5)).
-3
2 + -10 - -8 - 9
-9
What is the value of 148 - 144 - (1 + -6 + 0)?
9
Calculate -1 + -2 + (2 - (-16 - -20)).
-5
What is the value of (3 + -2 - 5) + 4?
0
(12 - 13) + 2 + -2
-1
Evaluate 0 + (5 - (-4 - -2)) + -2.
5
What is the value of 2 + (0 - -2) - (11 + -12)?
5
Calculate -4 - ((-10 - -2) + 1 + 2).
1
Calculate (-19 + 15 - -8) + (0 - -1).
5
What is -17 + 11 + 0 + 9?
3
What is -2 - (-1 - (3 + 1 + 3))?
6
What is the value of 1 + (-6 - 0) + -6 + 3?
-8
4 + 2 + 1 + -2
5
-2 - ((-13 - (8 + -15)) + 10)
-6
Evaluate (3 - 2) + (3 - 3) + 0.
1
What is the value of 3 + (-6 - 3) + 1?
-5
What is 2 - 1 - 10 - (32 + -35)?
-6
What is 2 + -4 - (64 + -65)?
-1
Calculate -7 + (3 - 3 - 0) - -4.
-3
What is the value of -2 - (1 + -2 + (8 - 3))?
-6
What is the value of -1 + (-4 - (-7 + 2))?
0
4 + -2 - (-1 + 2 - -2)
-1
-9 - (-5 + -12) - 6
2
Evaluate 0 + 2 + -4 + 3.
1
What is the value of 10 + (5 - 7) + -8?
0
Evaluate -3 - (2 + -2) - -2.
-1
What is the value of 0 - (4 + -3 + -6 + 0)?
5
-6 + 7 + 18 + -10
9
6 + (-2 + 2 + 3 - 7)
2
What is 6 + (-8 - (-1 - 4)) + 0?
3
Calculate 2 - (7 + -4 + -2 + 4).
-3
Calculate -1 + 16 + (-86 - -79).
8
-6 + (-1 + -2 - -3)
-6
What is (-6 - -4) + 3 + 2?
3
Evaluate (-1 - (-11 + 11)) + 9.
8
What is 6 - (4 - (-5 - -5)) - -3?
5
What is the value of -4 + (-3 - -12) + -8?
-3
What is the value of -5 + (2 - (4 + -2))?
-5
Evaluate (-2 - -1) + (-3 - -4).
0
What is the value of -3 + 6 + -11 - (1 + -6)?
-3
What is the value of -9 + 1 + -2 + 5?
-5
Calculate -7 + 11 + 2 + -6.
0
Evaluate 4 + 0 + -2 + -15 + 18.
5
What is the value of (-5 - (-1 + -1)) + 6?
3
(-2 + 1 - -9) + -8 + 8
8
What is the value of (6 - (4 + -2)) + -10 + 1?
-5
Evaluate -1 + 9 + (-2 - (0 + 1)).
5
7 + 11 + (-6 - 5)
7
What is the value of -5 - (-8 + (4 - 3))?
2
-4 - -3 - (-9 - -2)
6
What is 3 + -1 - (27 + -23)?
-2
Calculate 8 + -16 + 0 + (-3 - 0).
-11
Evaluate -42 - -30 - (-3 - 3).
-6
-1 + 6 + -10 + (11 - 7)
-1
What is the value of -1 + -2 - ((-6 - -10) + -8)?
1
-2 - (-3 + -1) - (14 - 17)
5
4 + 0 - (-27 + 13 - -16)
2
(-1 - 5) + (-13 - (1 - 12))
-8
3 + (-1 - (-13 + 12))
3
Evaluate 3 + (6 - 2) + 1 + -10.
-2
Calculate 4 - (0 + 3) - -4.
5
What is (-1 - (5 - 4)) + 1 + 4?
3
(2 - 2) + (2 - 2)
0
What is (-4 - -4) + -4 + 0?
-4
Evaluate (-1 + 4 - 7) + 7.
3
Calculate 9 - (17 - (-5 - -12)).
-1
Calculate -3 - -12 - (-1 + -1 + 10).
1
Evaluate -6 + 12 - 4 - 0.
2
What is (-2 - (7 - 16)) + -6?
1
What is (-25 + 7 - -15) + 1?
-2
Evaluate (0 - 1) + 2 + -5.
-4
Calculate 12 + -1 - (-7 + 11).
7
Evaluate -2 - ((-2 - -4) + -7).
3
Calculate (7 - 4) + 4 - (1 - -1).
5
What is the value of (-6 - -4) + (1 - 0 - -1)?
0
What is the value of 1 - (4 + -3 + 2)?
-2
Calculate (7 - (1 - -3) - 6) + 1.
-2
What is 0 - -2 - (26 + -12 + -14)?
2
What is (2 - (11 - 4)) + 3 + -1?
-3
Calculate (0 + 1 - -3) + -8 + -1.
-5
What is the value of (1 - (-5 - -8)) + 0?
-2
What is 1 - (0 - (-3 - -3))?
1
What is -125 + 130 - (-1 + (4 - -1))?
1
What is the value of 0 + (4 - (-2 + 2 - -2))?
2
Evaluate 0 + (-13 - (-5 + -2)).
-6
4 + -2 + 7 + -15
-6
-9 + 5 + -5 + 5 + 0
-4
Calculate 8 + -10 - (8 - (7 + -3)).
-6
What is (-8 - -7) + (-4 - (-2 - 2))?
-1
Evaluate 0 + 2 + 3 + (2 - 7).
0
What is the value of -4 + 3 + -1 + 45 + -42?
1
What is -3 + 0 - (7 - 5 - -1)?
-6
(-4 + 0 - 0) + 0
-4
Evaluate 4 + 2 + -6 - 2 - 2.
-4
What is the value of 2 + -1 + (-2 - -1)?
0
Evaluate 0 - (1 - -5 - (-1 + -1)).
-8
What is the value of 1 - -4 - (3 + 1)?
1
What is -1 + (-1 - 0) - (7 - 4)?
-5
Calculate (-6 - -9) + (16 - 13).
6
Evaluate -4 - (1 + -5 - -2).
-2
-3 - (-1 + -2) - -1
1
Evaluate 6 + -6 + 0 - -3.
3
What is the value of -2 - (-6 + 3 - 4) - 3?
2
Evaluate (-8 - -4) + 1 + (-14 - -15).
-2
Calculate -2 + 5 + 2 + 0.
5
What is (3 - (19 - 14)) + 0 + 1?
-1
Calculate (-5 - (2 + -6)) + -2.
-3
Calculate (-11 - -6) + (1 - -1) + 3.
0
What is the value of -22 - -22 - (1 + (1 - -1))?
-3
2 + (-1 - -5 - (-9 - -10))
5
What is the value of 12 - (-2 + (7 - (2 + -3)))?
6
Calculate (0 - -3) + 6 + -4.
5
What is (2 - 6) + -7 + 27 + -14?
2
-3 + (1 - 4 - -1)
-5
Calculate 13 - 18 - (0 - 1).
-4
-3 + 5 + -5 - -6
3
Calculate -3 + 4 - ((-9 - -5) + 0).
5
What is the value of 8 + 9 + -15 + 4?
6
What is the value of -1 - 0 - (-10 - -6)?
3
What is 6 + -4 + -1 + 3?
4
-4 - ((5 - -5) + -9)
-5
Evaluate 1 + 0 + -3 - 1.
-3
What is the value of 8 + -1 + (-5 - (-1 + -2))?
5
Evaluate -2 + (-5 - (-5 - -1 - -1)).
-4
Evaluate 6 - (9 - (-10 - -7)).
-6
Evaluate 9 - (22 - (10 - -1)).
-2
What is the value of 2 + -4 + 1 - (-4 - 2)?
5
What is 0 + 4 + (51 - 60)?
-5
What is the value of -4 + (4 - 1) + -4?
-5
Evaluate (-6 - -2) + (4 - 5) + 5.
0
What is the value of (-13 - -12) + (-4 + -2 - -2)?
-5
6 + -3 - (1 - 2)
4
What is the value of 5 + 12 + -4 - 11?
2
What is -1 - (-1 + 2) - -6?
4
What is the value of -3 + 7 + -11 - -7?
0
(141 - 128) + -2 + (-1 - 2)
8
What is the value of (12 + -9 - 12) + 15?
6
What is the value of 1 + 3 + -2 + (-7 - -7)?
2
-3 + 9 + (-2 - 7)
-3
Calculate 5 - ((-6 - -9) + -4).
6
Evaluate 4 - (0 - (-3 + -2)).
-1
0 - 0 - (-4 + -8 + 6)
6
Calculate -5 + (4 + -1 - 3).
-5
What is the value of -6 - (-2 - -2) - -5?
-1
-5 + (1 + 6 + -2 - 5)
-5
Calculate -3 + 2 + -1 + 1.
-1
0 + (-3 + 1 - (7 - 3))
-6
What is the value of (1 - 2) + (5 - 14 - -4)?
-6
What is -14 + 9 + 6 - 5?
-4
What is the value of -3 + (-11 - (-4 + (7 - 9)))?
-8
What is the value of 7 - ((0 - -9) + -5)?
3
-1 + 0 + (-9 - -11)
1
Calculate 0 - (0 + 0 - (5 + -1)).
4
Evaluate 17 - 17 - (0 + -1 - 3).
4
Calculate -2 - (-2 + -5 - -4).
1
-2 + 2 + -2 + (-11 - -11)
-2
Calculate -6 - (34 - 30 - (2 - -2)).
-6
Evaluate -4 - (1 - -2) - -8.
1
Calculate 3 - (-7 + 0 - -8).
2
Evaluate 2 + (-4 + 3 - -4).
5
What is (13 - 8) + (-5 - 0)?
0
Evaluate 9 - (-2 + 4 + 6).
1
Calculate 4 - (1 - 0) - (1 - -3).
-1
Evaluate 3 + -3 + -4 + 4 + -2.
-2
What is the value of -8 - -4 - (-1 + 0) - -7?
4
What is the value of (-6 - -4 - 0) + 5?
3
What is 4 + -1 + (-15 - -12) + 0?
0
0 - (4 - (0 + -6 - -12))
2
1 - (2 + -1 + 4) - -8
4
What is (-4 - -4) + 0 + (-1 - -4)?
3
Calculate (-5 - 8) + 1 + 5 + 1.
-6
Evaluate (7 - 6) + -4 + 1.
-2
What is the value of -3 - (-1 + -2 + 3) - -2?
-1
What is the value of (-6 - 1) + 2 + 1?
-4
What is -12 + 13 + -2 + -4?
-5
What is 1 + 7 - 0 - 5?
3
What is the value of 9 - 3 - (36 - 29)?
-1
-2 + -13 + (-14 + 6 - -14)
-9
What is -2 - (10 + -14) - 0?
2
What is the value of 6 - (0 + -1 + 5)?
2
Calculate 1 - 2 - (0 - (8 + -3)).
4
What is the value of ((1 - -2) + 0 - 6) + 3?
0
What is the value of (-3 - (4 - 4)) + (-1 - 0)?
-4
What is (-9 - 0) + -63 + 67?
-5
What is 4 - -2 - ((2 - -2) + 0)?
2
Calculate -4 + 5 + (-10 - -10).
1
Calculate -1 - (7 + 2 + (-7 - -1)).
-4
Evaluate 2 - (3 - (3 + -2)).
0
Evaluate 5 + -4 - (-3 - -6).
-2
Calculate -4 + 5 + (-1 - 1) - -2.
1
What is (-14 - (-8 - -2)) + 13?
5
Calculate -3 + -1 + -6 + (1 - -7).
-2
Evaluate -6 + 1 + -2 - (3 - 5).
-5
Calculate (0 - 1) + -14 + 13.
-2
What is the value of 0 + -9 + 13 + 0?
4
What is 0 + 6 - (-2 - (6 - 10))?
4
-9 + (8 - (2 - 8))